c(-33).
-5
Let r(o) = -5*o**2 + 16*o - 13. What is r(4)?
-29
Let c(s) = s**3 - 6*s**2 + 26*s + 1. Give c(0).
1
Let v(f) = -f**3 + 20*f**2 + 21*f - 740. Determine v(19).
20
Let u(o) = -16*o**2 - 38*o + 78. Calculate u(2).
-62
Let o(w) = w**3 + 82*w**2 + 76*w - 175. Calculate o(-81).
230
Let t(h) = 31*h**2 + 3*h + 1. Determine t(-1).
29
Let g(t) = -2*t**2 + 42*t + 8893. Determine g(78).
1
Let q(m) = -180*m + 6307. Give q(35).
7
Let q(i) = i**2 - 20*i + 16. Determine q(19).
-3
Let l(y) = y**3 + 39*y**2 - 38*y + 84. Give l(-40).
4
Let z(m) = 5*m**3 + 11*m**2 - 4*m - 11. Give z(-3).
-35
Let b(a) = 2*a**2 + 30*a + 146. Determine b(-7).
34
Let j(f) = 233*f - 31450. What is j(135)?
5
Let z(k) = k**2 - 36*k + 180. Calculate z(30).
0
Let k(r) = -29*r - 424. Calculate k(-15).
11
Let a(o) = o**2 + 24*o + 165. What is a(-17)?
46
Let p(k) = -13*k - 228. Calculate p(-25).
97
Let v(h) = 10*h**3 - 59*h**2 - 14*h - 8. What is v(6)?
-56
Let k(a) = -5*a**2 + 23*a - 184. Calculate k(6).
-226
Let a(o) = -7*o + 426. Determine a(52).
62
Let k(r) = 2*r**2 + 48*r + 62. Determine k(-19).
-128
Let z(n) = 3959*n + 11875. Give z(-3).
-2
Let t(k) = 286*k - 4589. Calculate t(16).
-13
Let s(w) = w**3 + 3*w**2 - 48*w - 24. Give s(-10).
-244
Let y(n) = 3*n**3 - 72*n**2 + 143*n - 3456. Determine y(24).
-24
Let h(k) = 1330*k + 14643. Give h(-11).
13
Let w(r) = r**2 + 58*r + 638. What is w(-15)?
-7
Let q(k) = -k**3 - 118*k**2 - 230*k + 229. Give q(-116).
-3
Let t(s) = -29*s - 21. What is t(-1)?
8
Let h(d) = 2*d**3 - 5*d**2 - 3*d - 2. Calculate h(-1).
-6
Let m(h) = h**2 + 2*h + 9. Give m(4).
33
Let m(a) = -27*a - 138. Give m(-5).
-3
Let y(a) = a**2 - 366*a + 15262. Calculate y(48).
-2
Let p(b) = -271*b**2 + 2*b - 1. Determine p(1).
-270
Let m(u) = -u**2 + 19*u + 4586. Determine m(-58).
120
Let r(i) = 5*i**3 - 4*i**2 - 7*i - 8. Determine r(5).
482
Let u(w) = 8*w + 197. Give u(0).
197
Let d(l) = 7*l**3 - 5*l**2 + 2*l + 4. Give d(3).
154
Let d(r) = r**3 + 13*r**2 + 18*r + 1. Determine d(-9).
163
Let h(f) = 9*f + 804. Calculate h(-103).
-123
Let l(m) = -59*m - 4578. What is l(-79)?
83
Let v(t) = -t**2 - 147*t - 840. What is v(-6)?
6
Let v(g) = -4247*g - 106178. Calculate v(-25).
-3
Let a(w) = -12*w + 315. Calculate a(25).
15
Let r(s) = s**2 + 15*s + 56. Give r(-9).
2
Let r(t) = -368*t**2 + 959*t + 6. Calculate r(3).
-429
Let z(i) = -21*i**2 + 523*i + 50. What is z(25)?
0
Let u(t) = -t**2 + 14*t + 131. Determine u(20).
11
Let h(i) = -4*i**3 - 27*i**2 - 48*i - 18. Give h(-5).
47
Let f(h) = -219*h - 3484. What is f(-16)?
20
Let v(r) = 3*r**3 - 29*r**2 + 13*r + 15. Calculate v(9).
-30
Let o(z) = 389*z + 365. Give o(-1).
-24
Let i(l) = 2*l**2 + 26*l + 136. Calculate i(-21).
472
Let r(c) = -3*c**3 + 16*c + 11. Calculate r(-5).
306
Let b(q) = q**2 + 10*q + 21. Give b(-6).
-3
Let u(v) = -2*v**2 - 16*v + 22. What is u(3)?
-44
Let n(c) = c**3 + 14*c**2 + 34*c + 3. Give n(-11).
-8
Let i(u) = u**2 + 16*u - 275. Calculate i(-26).
-15
Let o(y) = -y**2 + 61*y - 832. Determine o(35).
78
Let w(v) = -2*v**3 + 13*v**2 + 567*v - 3921. Give w(7).
-1
Let h(y) = y**3 + 271*y**2 - 590*y - 12017. Determine h(-273).
-5
Let o(j) = -920*j - 918. Give o(-1).
2
Let p(m) = m**3 + 85*m**2 - 1270*m + 391. What is p(-98)?
-1
Let k(m) = -64*m + 2384. Calculate k(38).
-48
Let l(b) = -b**3 + 5*b**2 - 8*b + 17. Determine l(5).
-23
Let s(a) = a**3 + 3*a**2 - 6. Calculate s(0).
-6
Let b(d) = 21*d**2 + 6*d + 6. Give b(0).
6
Let p(k) = 2*k**2 - 7*k - 28. Give p(0).
-28
Let o(s) = -s**3 + 165*s**2 - 154*s - 1635. What is o(164)?
5
Let z(t) = 5*t**2 + 108*t + 8. Determine z(-21).
-55
Let p(x) = 4*x**2 - 153*x - 483. Calculate p(-3).
12
Let x(z) = z**3 + 20*z**2 - 306*z + 54. What is x(10)?
-6
Let h(u) = -267*u**2 - 9878*u + 35. What is h(-37)?
-2
Let a(f) = 11*f - 229. What is a(22)?
13
Let y(b) = 29*b + 333. Give y(-11).
14
Let n(m) = -m**3 + 11*m**2 + m - 28. Give n(11).
-17
Let x(c) = 1335*c - 34722. What is x(26)?
-12
Let u(t) = -t**3 - 10*t**2 - 15*t - 30. What is u(-9)?
24
Let p(g) = -g**3 - 29*g**2 - 30*g + 29. Give p(-28).
85
Let d(t) = -2*t**2 - 55*t - 16. What is d(-25)?
109
Let t(w) = 843*w + 32029. Calculate t(-38).
-5
Let s(z) = -5*z**2 + 135*z + 303. Calculate s(28).
163
Let h(a) = -a**2 - 125*a + 14737. What is h(74)?
11
Let q(j) = -3763*j + 7. Calculate q(0).
7
Let i(v) = -2*v**3 + 15*v**2 + 32*v - 9. Give i(9).
36
Let m(t) = 42*t**3 + t**2 + t - 3. Give m(1).
41
Let x(s) = 5*s**3 + 13*s**2 - 19*s + 1. What is x(1)?
0
Let l(q) = 52*q + 51. Calculate l(-1).
-1
Let w(i) = 2*i**2 - 172*i + 1084. What is w(79)?
-22
Let v(j) = -55*j + 436. Calculate v(5).
161
Let p(k) = -66*k + 251. Determine p(10).
-409
Let r(d) = -d**2 + 2157*d + 6476. Give r(-3).
-4
Let q(m) = -3*m**2 - 29*m + 107. Determine q(3).
-7
Let g(t) = t**3 - 7*t**2 + 60*t - 331. Calculate g(5).
-81
Let m(g) = 35*g - 1726. Give m(51).
59
Let h(w) = 7*w**2 + 153*w - 56. Determine h(-25).
494
Let v(o) = -3*o**3 + 4*o**2 - 5*o + 3. Calculate v(3).
-57
Let b(p) = p**3 + 15*p**2 - 94*p + 134. Determine b(-20).
14
Let j(z) = 4*z**3 + z**2 - 33*z - 33. Calculate j(-5).
-343
Let w(a) = 65*a - 916. Give w(14).
-6
Let u(a) = a**3 - 19*a**2 - 150*a - 150. Determine u(-5).
0
Let b(u) = u**3 - 3*u**2 + 11*u + 10. What is b(9)?
595
Let l(z) = 19*z**2 + 5*z - 2. Give l(-2).
64
Let i(f) = -f**3 + 67*f**2 - 57*f + 408. Determine i(66).
1002
Let z(w) = -182*w + 728. Give z(4).
0
Let y(x) = -x**3 + 49*x**2 - 538*x - 178. Calculate y(32).
14
Let d(g) = -227*g - 7045. Calculate d(-31).
-8
Let s(g) = 3*g**3 + 45*g**2 + 33*g - 129. Determine s(-14).
-3
Let o(i) = -2*i**3 - 60*i**2 - 94*i - 15. Calculate o(-28).
-519
Let w(g) = 747*g + 23887. What is w(-32)?
-17
Let r(g) = 5*g + 53. What is r(-17)?
-32
Let g(i) = -228*i + 488. Determine g(2).
32
Let x(i) = -3*i**2 + 183*i - 2523. Give x(40).
-3
Let m(i) = 48*i - 94. What is m(2)?
2
Let d(h) = -34*h - 209. Determine d(-10).
131
Let q(j) = 75448*j - 150890. Determine q(2).
6
Let n(l) = -10069*l - 231588. What is n(-23)?
-1
Let j(k) = -70*k**2 - 84*k - 4. What is j(-3)?
-382
Let f(r) = -3*r**2 - 52*r + 41. What is f(-15)?
146
Let q(i) = -32*i + 902. Determine q(33).
-154
Let q(i) = -265*i + 946. Give q(3).
151
Let r(f) = -f**3 - 61*f**2 + 197*f - 25. Give r(-64).
-345
Let s(g) = 2*g**3 - 119*g**2 - 61*g + 91. What is s(60)?
31
Let a(x) = 5*x**3 + 5*x**2 - x - 1. Calculate a(1).
8
Let c(s) = s**2 - 37*s + 42. Calculate c(34).
-60
Let m(i) = -46*i**2 + 1291*i - 62. Give m(28).
22
Let b(v) = 45127*v - 225638. Give b(5).
-3
Let f(z) = 53*z**3 - 6*z**2 - 12*z + 17. What is f(1)?
52
Let q(b) = -4*b**3 - 56*b**2 - 195*b - 23. Give q(-6).
-5
Let q(s) = -134*s + 1229. Calculate q(9).
23
Let m(r) = 9*r**2 + 298*r - 269. Give m(-34).
3
Let j(p) = p**2 - 65*p + 589. Determine j(56).
85
Let c(z) = -191*z - 193. Give c(-1).
-2
Let f(d) = d**2 + 29*d + 260. Calculate f(-14).
50
Let m(o) = -77*o - 853. Determine m(-11).
-6
Let i(k) = -k**2 + 40*k - 262. What is i(8)?
-6
Let y(s) = 5*s**2 + 2434*s + 14425. Determine y(-6).
1
Let o(p) = 300*p + 1179. Determine o(-4).
-21
Let p(a) = a**3 - 20*a**2 - 10*a + 1257. Give p(15).
-18
Let i(x) = x**2 + 76*x + 526. What is i(-73)?
307
Let x(r) = -2*r**2 - 518*r - 33165. Give x(-116).
11
Let s(h) = h**3 + h**2 + 7*h - 306. Determine s(0).
-306
Let j(y) = -y**3 - 37*y**2 - 270*y - 3. Determine j(-10).
-3
Let m(g) = 2*g**2 - 202*g - 211. Calculate m(102).
-7
Let v(p) = -780*p - 10939. Determine v(-14).
-19
Let o(n) = n**3 + 16*n**2 + 49*n + 24. Determine o(-12).
12
Let d(l) = l**3 + 7*l**2 + 25*l + 35. What is d(-3)?
-4
Let n(o) = 289*o - 7230. Determine n(25).
-5
Let j(w) = -18*w**2 - w + 21. What is j(3)?
-144
Let y(n) = n**2 - 334*n + 12518. Give y(43).
5
Let x(z) = 2*z**3 - 2*z**2 - 13*z - 19. Give x(-2).
-17
Let j(m) = -8*m**2 - 126*m + 29. What is j(-16)?
-3
Let s(w) = -w**3 + 7*w**2 + 16*w - 79. Give s(5).
51
Let w(p) = 29*p + 18. What is w(-1)?
-11
Let p(u) = -147*u - 2209. Determine p(-15).
-4
Let p(h) = -5*h**2 - 65*h - 30. Determine p(-12).
30
Let u(a) = a**2 + 29*a - 656. What is u(-37)?
-360
Let d(b) = 232*b - 4191. Give d(18).
-15
Let v(m) = -m**3 - 2*m**2 + 21*m + 21. Give v(-1).
-1
Let l(a) = 2*a**3 - 112*a**2 - 138*a + 1356. Give l(57).
-12
Let s(b) = -b**2 + 1870*b + 1869. Determine s(-1).